umber?
True
Let h be 11/44*736336/4. Let n = h - 27666. Is n a composite number?
True
Let f = -9 - -12. Suppose -2*s + f*z + 40845 = 0, -2*s = 3*z - 11644 - 29171. Suppose 2*g - n = 3*n + 13610, 0 = 3*g - 3*n - s. Is g a prime number?
False
Suppose 257*j = 250*j + 2943857. Is j prime?
True
Let u(k) = -44*k - 29. Suppose 14 + 14 = 4*v. Suppose v*s + 101 + 4 = 0. Is u(s) a composite number?
False
Suppose -130 = 5*g - 5*f, 2*g - f + 0*f + 53 = 0. Is (-9)/(g/112) - (-7)/(-21) a prime number?
True
Let o(y) = -7*y**2 + 13 + y**3 - 11*y - 34 + 11. Let s be o(13). Suppose 12*z = 15*z - s. Is z a composite number?
True
Let u(x) = x**2 - 24*x + 69887. Is u(0) composite?
True
Let l = -31523 + 108862. Is l composite?
False
Suppose -25466001 + 2854154 = -47*v + 5967866. Is v prime?
False
Is (-11 - (-276)/24)*2*526258/2 composite?
False
Let y = 2123 + 857. Suppose 19*k = 23107 + y. Is k composite?
False
Let c(t) = 861*t**2 + t + 1. Let h be c(-2). Let y = h + -1719. Suppose -2*o = -o + 5*w - y, -8536 = -5*o + 3*w. Is o composite?
False
Let o(p) = -p - 29. Let n be o(-5). Let s = 201 + n. Suppose 0 = -5*z + 1972 - s. Is z a composite number?
False
Let b = -520 + 570. Suppose 23*f - b*f + 238113 = 0. Is f a composite number?
False
Suppose 2*v = -4*g - 4, 17 = 5*v - 3*g - 12. Let p(a) = -a**2 + 4*a + 2. Let y be p(v). Suppose 0 = h + y*l - 2093 - 672, -2*h + 2*l + 5536 = 0. Is h composite?
False
Let r(n) = 730009*n**3 + 32*n - 34. Is r(1) a prime number?
False
Let v = 489179 + -225498. Is v prime?
False
Let k = -54 - -15. Let b = 8 - k. Let s = -28 + b. Is s composite?
False
Suppose 3*g = -2*p + 32, -3*p + 16 = -2*p + 3*g. Suppose 15*c = p*c - 1137. Is c a prime number?
False
Let f(l) = 972*l**2 + 14 + 5*l - 9 + 3. Is f(-3) a prime number?
True
Let q(b) be the second derivative of b**3/6 - b**2/2 + 12*b. Let s(o) = 182*o. Let f(a) = -7*q(a) - s(a). Is f(-6) a prime number?
False
Let k(u) = 1814*u - 9. Let w(q) = -q**3 - 8*q**2 - 16*q - 14. Let n be w(-6). Is k(n) composite?
False
Suppose -153786*k = -153812*k + 32564506. Is k prime?
False
Let y = 59 + -53. Suppose -2*i = x - 366, -i - y = 2*i. Let a = x - 264. Is a composite?
True
Is ((-1)/7)/((-6790104)/(-1358021) + 110/(-22)) a prime number?
True
Suppose -10*o = -6*o. Suppose j + 23 = 6*n - 2*n, 4*n + 3*j - 27 = o. Suppose -5247 = -3*r - n*r. Is r a prime number?
False
Suppose -232861 = -3*a - 29569 - 4650. Is a composite?
True
Let f(s) = 535*s**3 + 5*s**2 - 21*s + 46. Is f(3) prime?
False
Let l = 28056 - 17948. Let m = -5247 + l. Is m a composite number?
False
Let o(z) = -78*z**2 - 9*z - 13. Let y(s) = s**2 + s. Let w(p) = -o(p) + 2*y(p). Suppose 0 = -4*v - 2 - 38. Is w(v) a composite number?
True
Suppose -12*j = -11*j - 24. Is ((-472)/j)/(1/(-9)) a prime number?
False
Let r be (155/(-10) - -7)/(3/60). Let y be (-2)/4*3357*-2. Let v = r + y. Is v a composite number?
False
Let n(h) = -2 + 507*h + 250*h + 644*h. Is n(1) prime?
True
Suppose 123 = 3*i - 3*m + 90, -2*m = 2*i + 6. Let a = -34291 - -48918. Suppose -9*w = -4*w + l - 18268, -i*w - 5*l + a = 0. Is w prime?
False
Suppose -64 + 14 = -f - 5*a, f - 78 = 2*a. Suppose -i = f - 923. Is i a composite number?
False
Suppose 9 = 7*q - 4*q. Suppose q*l - 3*n = 0, 4*l - 5*n = -2*n + 5. Suppose 1003 = 2*x + x - 4*h, l*x - 5*h - 1675 = 0. Is x a prime number?
True
Let x(i) = 2*i - 11. Let z be x(4). Is 1418/z*(-2907)/114 composite?
True
Suppose 3*s = -5*d + d + 79, -2*s - 5*d = -55. Suppose -15*o = -s*o + 13990. Is o prime?
True
Is (2/8*-211821)/((-141)/376) a prime number?
False
Let j be (-57)/(-209) + (-102878)/22. Let i = j - -17517. Is i composite?
False
Suppose -137050 = -5*r - 5*j, -54823 = -2*r - 0*j - j. Is r a composite number?
True
Let q(t) = t - 5. Let c be q(13). Suppose -5*j + 72838 = -s, 12*s - 58256 = -4*j + c*s. Is j a prime number?
False
Let x be (5 + (-102)/42)*1638. Let r = x + 2783. Is r prime?
False
Let c = 51165 - 11408. Is c a prime number?
False
Let r = 17 + -27. Let i(z) = 30*z**2 + 23*z + 9. Is i(r) a prime number?
False
Suppose -186*d + 1106594 + 12711904 = 0. Is d a composite number?
False
Let i(m) = 195*m + 1151. Is i(14) a prime number?
True
Suppose 35*t - 42*t + 461447 = 0. Is t a prime number?
True
Suppose -7102868 = -4*l - 3*p, -412*l - 2*p + 3551434 = -410*l. Is l a prime number?
True
Suppose r - 412 + 2116 = 0. Let w = -295 - r. Is w a prime number?
True
Let q = 63 + -61. Suppose -3483 = -q*a - 1319. Let x = 1551 - a. Is x composite?
True
Let h(t) = 774*t**2 - 53*t + 135. Is h(4) composite?
True
Suppose 2*i - 4*c = 378038, -11*i - 3*c = -15*i + 756061. Is i a composite number?
True
Suppose -26*j = -j - 719525. Is j a composite number?
True
Let q = 26702 - 9901. Is q a prime number?
False
Let m be -96*((-12)/(-18))/(-1). Suppose 6*y - m = 3974. Is y composite?
False
Is 26031 + 28/(-70)*35 composite?
False
Let r be 6/(-14) + 400/(-112). Let f be (8/6)/r + 80/(-30). Is (-6)/(-18) + (-1202)/f a prime number?
True
Let v be (-5)/20 + (1 - (-10)/8). Suppose 2372 + 8294 = v*w + 3*b, -4*w = -4*b - 21332. Is w composite?
False
Let i = -11395 + 17612. Let g = 11946 - i. Is g a prime number?
False
Suppose -8248433 = -65*w - 168*w. Is w a composite number?
False
Let f = 1290652 + -637685. Is f a prime number?
False
Suppose -46 = 4*v - 2*g, 2*v - g = -2*v - 51. Let d(i) = -i**2 - 11*i + 42. Let y be d(v). Is -5 + (89 - 2 - y) a prime number?
False
Suppose 0 = 3*n - 17 + 5. Suppose 4 = z + z, n*z - 17 = -3*c. Suppose 860 = w + c*w. Is w a composite number?
True
Suppose -3*w + 20 = 2*w. Suppose -13 + 17 = -w*x. Let l(t) = -201*t + 2. Is l(x) a composite number?
True
Suppose -4*c - 29 = -41. Suppose 10169 = -5*m + g, -m + g - 8136 = c*m. Is 4/22 - m/11 a composite number?
True
Let a be ((-10)/(-15))/(10/(-150)). Is -47452*(6/a + (-84)/(-240)) a composite number?
False
Let j be 37937/8 + (-4)/32. Let d = j + -1569. Let z = d - 2092. Is z a composite number?
True
Suppose -4959131 = 87*t - 6992714 - 20295924. Is t composite?
False
Let u = -13 + 19. Let n be 4/u - 10/(-3). Suppose 0 = -3*p, 4*i - 2648 = -p + n*p. Is i composite?
True
Suppose 2*i = 4*b - 70674, 4*b - 232*i + 227*i - 70659 = 0. Is b prime?
False
Let f = 41 - 37. Suppose 12 = 5*y - 3*o, o = -2*y + f*o + 12. Is -8 - -1207 - y/1 composite?
True
Suppose -5*d + 3*s = -2*d - 1745802, -2*d = s - 1163877. Is d prime?
False
Suppose -2*x + 216 = 2*g, 5*g + 3*x - 421 = 115. Suppose 4*i - g = -30. Is i a composite number?
False
Let h(y) = 4*y**2 - 20*y + 5. Let g be h(5). Suppose -5147 = -4*p + g*j, -3*j - 1298 = -p + 2*j. Is p a composite number?
False
Suppose 6*a - 13*a = -958455 - 114358. Is a a composite number?
False
Let g = -89 + 95. Let x be (2000/g)/((-66)/(-297)). Suppose x = 7*s - 4541. Is s composite?
False
Let x be (9 - -5)*-3*(-1)/6. Suppose 0*v - x*v = 0. Suppose -4*c + 2*u = -0*u - 180, 2*c - 5*u - 74 = v. Is c a composite number?
False
Suppose 9776842 = -11*t + 11*t + 62*t. Is t composite?
True
Let j(p) = p**3 - 36*p**2 + 88*p + 93. Let q(d) = 3*d**3 - 72*d**2 + 175*d + 184. Let s(y) = 5*j(y) - 2*q(y). Is s(-40) a prime number?
True
Suppose -123*s = 18*s - 5230677. Is s composite?
False
Let r = 4578 - 3099. Let v = -476 + r. Is v composite?
True
Is (49218/20)/((-2)/(-144)) + 1/5 a composite number?
True
Let u = 50 - 46. Suppose -5*c - 7494 = -q, 3*q - u*c - 15012 = q. Suppose -5*v + 4*b + 16935 = -q, -4*v + 4*b + 19560 = 0. Is v composite?
False
Suppose 0 = -0*t - 3*t - 1689. Let n = t + 2427. Let b = 105 + n. Is b a composite number?
True
Let w be (-7 - (-1 + -10))/1. Is (-6 - 4 - -8)*(-54830)/w prime?
False
Let j = -113 - -101. Is (-6891 - 1)*j/48 + -2 composite?
False
Let j = -682 + 1094. Let g = j - 163. Is g a composite number?
True
Suppose -9*l + 4*l + 330 = 0. Suppose 3*r - 4*r = -317. Let i = r - l. Is i a prime number?
True
Let d = 207 + -201. Is d/4*((-8083520)/30)/(-16) prime?
True
Suppose 0 = -h - 4 + 10. Suppose z = 3*d + 15, 5*d + 31 - h = 5*z. Is -2*2*(z + -1) - -783 prime?
True
Suppose -2*j + 34 = 4*w + 4, -4*w - 15 = -j. Is (-5256)/(-40) - ((-6)/j)/(-1) a composite number?
False
Suppose -21*j + 27*j = 77598. Suppose -3*m = -4*v + 2*m + j, 0 = -4*m - 20. Is v prime?
False
Let u(x) = 1577*x + 275*x**2 + 57 - 1596*x - 38*x**2. Is u(8) a prime number?
True
Let a be